 -4) + -3 + -3.
-3
Calculate 5 + (0 - 6 - 1).
-2
What is -3 + -1 - 2 - -4?
-2
5 + -9 - (-5 + 0)
1
Calculate -12 + (4 - 6) + (8 - 1).
-7
What is -2 + 1 + (4 - -1) + -1?
3
(-9 - -13) + 8 - 7
5
Calculate (0 - 0) + -5 - -2.
-3
Calculate (-1 - 16) + 1 + 4 + 4.
-8
Evaluate 0 + -1 - (0 - -3 - 2).
-2
What is the value of (11 - 15) + 4 + -1 + -1?
-2
Evaluate 1 + 2 + 10 + -13 + 0.
0
Evaluate 0 + 4 + (2 - 2).
4
Calculate -5 + 13 + -4 + -6.
-2
-2 - (-7 - (2 + -5))
2
What is the value of (-1 - -3) + (4 - 3)?
3
What is -2 + -3 + -1 - (1 - 4)?
-3
Evaluate -4 + (-5 - -12) - (0 + 10).
-7
-11 + 16 - (4 - (2 + -7))
-4
What is 3 + 7 + 2 + -13?
-1
What is the value of -6 + (-2 - -3 - (9 - 6))?
-8
0 + 1 + 3 + -5
-1
6 + (2 - (-2 + 4) - 5)
1
Evaluate (-2 + 1 - (-17 + 16)) + -1.
-1
Calculate -4 - (-18 + 8 - -5).
1
What is -2 + 7 + -10 + (6 - 4)?
-3
Calculate -8 + 15 + -6 - 6.
-5
Evaluate 2 - (8 + -6 + (-5 - -4)).
1
What is the value of -7 + 16 + -12 - 0?
-3
What is the value of -3 - (2 - (2 + 1 - -1))?
-1
What is the value of 2 - (2 - 2) - (6 + -9)?
5
-10 - (-1 + -5 + -12 + 11)
-3
What is the value of 1 - (-6 - -1 - -2 - -2)?
2
What is the value of 14 - 1 - (-86 + 94)?
5
What is 5 + -1 + -4 + (8 - 4)?
4
Evaluate -1 + 2 + -8 + 5.
-2
What is (-1 - (-1 + 0 + -1)) + -2?
-1
Calculate -3 + -2 + 3 + -2.
-4
4 - (1 + -3) - 3
3
Calculate (-3 - (5 + -2) - -10) + -2.
2
Evaluate -4 + (-6 - (6 + -21)) - 5.
0
What is the value of -9 + -13 + 7 - -10?
-5
What is 4 + (-4 + (7 - 0) - 5)?
2
Calculate 1 - -4 - (-1 + 10 + -7).
3
What is 2 - (2 - (-3 - -3) - 2)?
2
What is 1 - (9 + -3 + -2)?
-3
2 - (3 + -2) - (4 + -3)
0
What is -2 - 2 - -4 - -2?
2
Evaluate 5 + (-1 - 4 - -1).
1
What is 92 + -84 + (-2 - (-2 + 15))?
-7
Evaluate (1 - (3 + 2)) + -2 - -15.
9
0 - (-3 - -8) - -3
-2
Evaluate -3 + (-7 + 14 - 6) + 0.
-2
What is (-7 - ((-1 - 2) + -5)) + -6?
-5
What is 2 - -2 - (9 + (-4 - -4))?
-5
What is 1 + (5 - 1) + -8 + 8?
5
320 - 323 - (1 - 1 - 0)
-3
Calculate 7 + -11 - -14 - (1 - -3).
6
Evaluate -4 + (1 + 2 - (3 - 4)).
0
Evaluate -132 - -135 - (4 - 0).
-1
What is the value of 3 + -1 + (8 - 2 - 3)?
5
Calculate (-8 - -2) + (2 - 4) + 3.
-5
(1 + -5 - (-2 - 2)) + 4
4
-4 + 3 - (-1 - 9)
9
7 + -17 - -1 - (-8 + 1)
-2
(57 - 63) + 18 + 0 + -1
11
Evaluate -5 + 3 + 3 + -1.
0
Evaluate -9 + -9 + 18 + (-6 - -4).
-2
Calculate 3 - (-2 + (7 - 2)).
0
4 - (8 + -8 + -1)
5
What is the value of 0 + (-9 - 3) + 7?
-5
What is the value of 2 + 1 + -3 + 18 + -18?
0
Evaluate -11 + 13 + 6 + -1.
7
What is -2 + 8 + -5 + -1 + 5?
5
Calculate 8 + (2 - 5) - 4.
1
What is 6 + 50 + -52 + (-4 - 0)?
0
What is the value of 7 + -2 - (0 + (5 - 2))?
2
Calculate (-1 - 4) + -1 + 10.
4
Calculate 10 + -19 + -2 + 7.
-4
-5 + (-1 - -3) + 5 + -1
1
(7 + 0 - 5) + -5
-3
Calculate -1 - (6 + (-4 - 2)) - -1.
0
What is 0 - -8 - 3 - 6?
-1
Calculate -1 - (-3 + 7 - 11 - 0).
6
Calculate 2 + (-5 - 2) - (-12 + 12).
-5
Calculate -5 - (-5 + -6) - 7.
-1
What is the value of -1 + 1 + 1 - (23 - 19)?
-3
Calculate -8 - -1 - (3 + -13).
3
What is 10 - (6 - (-6 + 5))?
3
1 - (1 + -1 - 2) - 3
0
What is -2 + 2 + (32 - 33) - 2?
-3
Calculate 0 - (3 - -2) - (-9 - 0).
4
Calculate 4 + (4 - 10) + 2.
0
What is (0 - -1 - 3) + 0?
-2
-2 + (-2 - 0) + 4
0
Evaluate (4 - (3 - 1 - 0)) + 1.
3
What is the value of 2 - -2 - (5 - 5 - -3)?
1
What is 0 + 1 + (2 + -3 - -8)?
8
Calculate 5 - ((0 - -3) + -53 + 57).
-2
What is 7 + -1 - (2 - (-3 - -4))?
5
-8 - ((-5 - (-3 + -4)) + -10)
0
-7 + (5 - 6 - -7)
-1
Calculate -3 - (1 - -4 - (8 - -1)).
1
(0 - 3) + -22 + 23 + -2
-4
3 + (1 - (1 + -1 + 0))
4
Evaluate (2 - -1) + (-5 - -1).
-1
What is (3 - (7 - (-3 - -8))) + -6?
-5
What is -4 - -2 - -2 - 3?
-3
Evaluate -3 + -3 + 5 + 8.
7
What is 3 - 9 - -9 - 7 - 5?
-9
What is -2 + (1 - 1) + 48 + -41?
5
Evaluate -4 + (-2 - 0 - -13 - 0).
7
4 + -2 + -2 + (-9 - -4)
-5
Evaluate -9 + -7 + 22 + -5.
1
Evaluate (-7 - (1 + -1)) + 0.
-7
-1 - ((8 - 2) + -4 + 0)
-3
What is (-7 - -7) + -1 - 1?
-2
What is 22 + -2 + -7 - (9 - 2)?
6
9 + (3 - (0 - -5)) - 3
4
Calculate (-22 + 45 - 23) + (9 - 0).
9
What is -11 - 0 - (-11 - (5 + -13))?
-8
Evaluate -4 + -4 - -3 - (-1 - 3).
-1
Evaluate -5 - (-13 + 6 + -3).
5
-6 + 6 + -2 + (-2 - -1)
-3
Calculate -8 - -1 - (0 - 7).
0
Calculate 5 + -13 + 4 + -1.
-5
Calculate -12 + -8 + 3 - -10.
-7
What is the value of 4 - ((10 - 12) + (-1 - -3))?
4
Calculate 4 + -4 + -1 + 4.
3
(1 - 9) + 4 - -8
4
What is 7 + 5 + -9 + 0 + 2?
5
Calculate -4 - (-2 + 4 + -1) - -2.
-3
Calculate -2 - (-3 - 1 - 3).
5
What is 7 + -7 + 5 + -7?
-2
Calculate (0 + -1 - 3) + (4 - 8).
-8
Evaluate (-3 + 3 - 1) + 4.
3
Evaluate 8 + (-14 - -20 - 9).
5
-5 + 0 + 1 + 2
-2
Calculate (0 + 1 - 0) + -3 + -2.
-4
What is the value of 3 + -2 + (-2 - 3 - -2)?
-2
What is the value of -5 - (-1 + 2 + -1 + -2)?
-3
What is -2 + -1 + 7 - (0 - -4)?
0
Calculate -9 + (-5 - (-29 + 7)).
8
Evaluate 2 + (-1 - (-4 - 0) - 2).
3
Calculate -3 + 1 + -4 + 4.
-2
What is the value of 5 + 0 + 2 + -6?
1
Evaluate 2 + -1 + (-2 - (2 - 1)).
-2
4 - ((6 - 3) + (-5 - 0))
6
What is -7 + 9 + 0 + -1 + 4?
5
-5 + 7 - 1 - -2
3
What is the value of -2 - (-4 - (2 - -1))?
5
Evaluate 2 - ((-2 - 0) + 2 + 2).
0
Calculate 6 + (-3 - -2) - 0.
5
What is 2 - 12 - -13 - -5?
8
Calculate -5 + 5 - (0 + 2) - 1.
-3
-19 + (9 - 0) + 3
-7
-1 + -2 + (10 - (6 + 3))
-2
What is 1 + 0 - (-11 - -4 - -1)?
7
What is (-2 - -2) + (-2 - 0)?
-2
-4 + 0 + 6 + 1 + -2
1
Calculate -1 + 4 + 7 + -18 + 7.
-1
What is the value of 0 + (-9 - -12 - (-1 - -11))?
-7
What is (0 - 1 - 1) + -81 + 80?
-3
12 - 6 - (5 + -3)
4
What is -6 - 0 - (-7 - (-12 - -8))?
-3
What is 2 + (-7 + 3 - -6)?
4
Calculate 2 + -3 + (-2 - 4) + 11.
4
What is the value of (-24 - -23) + (0 - -1)?
0
What is the value of -4 + (0 - 1 - (9 - 7))?
-7
Calculate (1 - -3) + -8 + 3.
-1
Calculate -6 - -9 - (1 - -2) - -4.
4
Evaluate -1 + 1 - (20 + -4 + -13).
-3
What is 6 - 5 - (16 - 9)?
-6
Evaluate 10 - (2 - -2) - 1.
5
Calculate 1 - 1 - (7 - 4).
-3
-4 - (-1 - 2 - (-3 + 1))
-3
-14 + 9 + -2 - (0 - 8)
1
Calculate (-4 - (0 - 0)) + 0.
-4
What is the value of (3 - (-2 + 4)) + -2 - 0?
-1
Evaluate (4 + (4 - 12) - 0) + 7.
3
What is the value of 3 - (-3 - -1) - (8 + -3)?
0
What is the value of (-1 - -2) + (5 - 7)?
-1
Calculate 7 + -3 - (0 - -8).
-4
Calculate -1 - (-1 - (-3 - -4)).
1
Evaluate 2 - (-4 + 11 + (-1 - 3)).
-1
0 - -6 - (14 - 6) - -5
3
Calculate 7 - 0 - -1 - 0.
8
6 + 2 + 7 + (-7 - 15)
-7
1 - (-3 - (-4 + 3))
3
Calculate 2 + 2 + -6 + 6.
4
6 - 11 - -12 - 8
-1
What is -1 + 4 + -1 - (-6 + 3)?
5
What is the value of 4 - (-1 - -3) - (8 - 1)?
-5
What is 4 - (-9 + (-2 - -22))?
-7
What is the value of (13 - 8) + -12 + 0 + -1?
-8
Calculate -11 + (6 + 3 - -4).
2
Evaluate (6 - 4 - (4 - -1)) + -1.
-4
12 - (3 + 2 + -3)
10
Calculate 2 + 3 + -11 + 5.
-1
Calculate 12 - (10 - ((-4 - -10) + -1)).
7
Calculate (-4 - -3) + 2 - 4 - -6.
3
Evaluate 11 + (3 - (9 + -2)).
7
What is (7 - (11 + 2)) + 6?
0
Calculate (5 - (5 - 13)) + -8.
5
Evaluate -4 + 3 + -1 - (4 + -1).
-5
Evaluate (2 - 1) + 1 + (-101 - -98).
-1
Evaluate -3 - (8 + -4) - (14 - 14).
-7
What is the value of 10 - (-2 + (7 - 4) + 0)?
9
Calculate 1 - (8 - 7 - -4).
-4
Calculate -4 - (-1 - 1) - (2 - 6).
2
Calculate -8 + -3 + 13 - -6 - 14.
-6
Calculate -4 + (-1 - -8) - -2.
5
What is 0 - (2 + (4 - (-5 + 5)))?
-6
Calculate 5 + -7 + -8 + 3.
-7
Calculate 5 + 9 + -13 + -2 + 3.
2
Evaluate -1 + (-3 - (0 + (-9 - -1))).
4
What is the value of 2 - -1 - (12 + -16 + 6)?
1
Calculate 9 + (4 - 8) + -11.
-6
Evaluate (-4 - -5 - 2) + (-4 - -7).
2
1 - (-1 - (6 - (0 + 1)))
7
Evaluate 4 - (-2 + 6 - 0).
0
Evaluate (3 - 2) + (2 - (-1 + 0)).
4
Evaluate -8 + (8 - (0 - -4)).
-4
Evaluate -1 + -6 - (-12 - 12 - -10).
7
-3 + 1 - (8 - 14)
4
Calculate 9 - (-1 - (-7 - -4)).
7
Evaluate -2 - (-1 - 0 - (-7 - -5)).
-3
1 + -3 + -14 + -1 + 13
-4
What is (-6 - 3) + 3 + 10?
4
Calculate (0 - 8) + -5 + 18.
5
-6 + -4 + 2 + -5 - -5
-8
Evaluate -2 + (-1 - (1 - 7 - -2)).
1
Evaluate -4 + (-2 - -1) + 1 - -10.
6
0 + 1 - (5 + -6 + 6)
-4
(-4 - 0 - (9 + -10)) + 1
-2
What is the value of 9 - (-4 + 1 + (-5 - -12))?
5
(-1 - (3 - 2) - -3) + 2
3
Evaluate 5 + -10 + 6 + 3.
4
21 + -12 + -7 - (-1 + -2)
5
What is the value of -16 - -5 - (-16 - 4)?
9
What is the value of (-4 - -2) + -2 + 1 + -1?
-4
Calculate (4 - 4) + 11 + -6.
5
-1 + 17 + 0 - (459 + -452)
9
5 + (-4 + 2 - (-4 + 2))
5
-4 + (0 - 2 - -8) + -6
-4
